{"id":6,"date":"2024-03-14T16:58:59","date_gmt":"2024-03-14T15:58:59","guid":{"rendered":"http:\/\/unionsonique.com\/?page_id=6"},"modified":"2024-03-14T17:33:02","modified_gmt":"2024-03-14T16:33:02","slug":"accueil","status":"publish","type":"page","link":"https:\/\/unionsonique.com\/","title":{"rendered":"Accueil"},"content":{"rendered":"<p>[et_pb_section fb_built=&#8221;1&#8243; _builder_version=&#8221;4.24.2&#8243; _module_preset=&#8221;default&#8221; background_color=&#8221;#000000&#8243; global_colors_info=&#8221;{}&#8221;][et_pb_row _builder_version=&#8221;4.24.2&#8243; _module_preset=&#8221;default&#8221; global_colors_info=&#8221;{}&#8221;][et_pb_column type=&#8221;4_4&#8243; _builder_version=&#8221;4.24.2&#8243; _module_preset=&#8221;default&#8221; global_colors_info=&#8221;{}&#8221;][et_pb_image src=&#8221;http:\/\/unionsonique.com\/wp-content\/uploads\/2024\/03\/logo-us-blanc-300&#215;193.png&#8221; title_text=&#8221;logo-us-blanc&#8221; align=&#8221;center&#8221; _builder_version=&#8221;4.24.2&#8243; _module_preset=&#8221;default&#8221; global_colors_info=&#8221;{}&#8221;][\/et_pb_image][et_pb_text _builder_version=&#8221;4.24.2&#8243; _module_preset=&#8221;default&#8221; background_layout=&#8221;dark&#8221; hover_enabled=&#8221;0&#8243; global_colors_info=&#8221;{}&#8221; sticky_enabled=&#8221;0&#8243;]<\/p>\n<p style=\"text-align: center;\"><span>Bienvenue chez Union Sonique, votre destination ultime pour un son d&#8217;exception. En tant qu&#8217;importateur et distributeur de mat\u00e9riel audio haut de gamme, nous nous engageons \u00e0 fournir \u00e0 nos clients une exp\u00e9rience sonore incomparable. Avec une s\u00e9lection minutieuse de 20 marques renomm\u00e9es, nous sommes fiers de repr\u00e9senter l&#8217;excellence dans le domaine de l&#8217;audio. Que vous soyez un audiophile passionn\u00e9 ou un professionnel exigeant, notre gamme de produits soigneusement s\u00e9lectionn\u00e9s r\u00e9pondra \u00e0 tous vos besoins et surpassera vos attentes. Chez Union Sonique, le son n&#8217;est pas seulement une \u00e9coute, c&#8217;est une exp\u00e9rience \u00e0 part enti\u00e8re.<\/span><\/p>\n<p>[\/et_pb_text][et_pb_image src=&#8221;http:\/\/unionsonique.com\/wp-content\/uploads\/2024\/03\/marques-importees.jpg&#8221; _builder_version=&#8221;4.24.2&#8243; _module_preset=&#8221;default&#8221; title_text=&#8221;marques importe\u0301es&#8221; hover_enabled=&#8221;0&#8243; sticky_enabled=&#8221;0&#8243;][\/et_pb_image][\/et_pb_column][\/et_pb_row][\/et_pb_section]<\/p>\n","protected":false},"excerpt":{"rendered":"<p>Bienvenue chez Union Sonique, votre destination ultime pour un son d&#8217;exception. En tant qu&#8217;importateur et distributeur de mat\u00e9riel audio haut de gamme, nous nous engageons \u00e0 fournir \u00e0 nos clients une exp\u00e9rience sonore incomparable. Avec une s\u00e9lection minutieuse de 20 marques renomm\u00e9es, nous sommes fiers de repr\u00e9senter l&#8217;excellence dans le domaine de l&#8217;audio. Que vous [&hellip;]<\/p>\n","protected":false},"author":1,"featured_media":0,"parent":0,"menu_order":0,"comment_status":"closed","ping_status":"closed","template":"","meta":{"_et_pb_use_builder":"on","_et_pb_old_content":"<!-- wp:divi\/placeholder \/-->","_et_gb_content_width":"","footnotes":""},"class_list":["post-6","page","type-page","status-publish","hentry"],"_links":{"self":[{"href":"https:\/\/unionsonique.com\/index.php\/wp-json\/wp\/v2\/pages\/6","targetHints":{"allow":["GET"]}}],"collection":[{"href":"https:\/\/unionsonique.com\/index.php\/wp-json\/wp\/v2\/pages"}],"about":[{"href":"https:\/\/unionsonique.com\/index.php\/wp-json\/wp\/v2\/types\/page"}],"author":[{"embeddable":true,"href":"https:\/\/unionsonique.com\/index.php\/wp-json\/wp\/v2\/users\/1"}],"replies":[{"embeddable":true,"href":"https:\/\/unionsonique.com\/index.php\/wp-json\/wp\/v2\/comments?post=6"}],"version-history":[{"count":7,"href":"https:\/\/unionsonique.com\/index.php\/wp-json\/wp\/v2\/pages\/6\/revisions"}],"predecessor-version":[{"id":23,"href":"https:\/\/unionsonique.com\/index.php\/wp-json\/wp\/v2\/pages\/6\/revisions\/23"}],"wp:attachment":[{"href":"https:\/\/unionsonique.com\/index.php\/wp-json\/wp\/v2\/media?parent=6"}],"curies":[{"name":"wp","href":"https:\/\/api.w.org\/{rel}","templated":true}]}}